{"id":1352,"date":"2022-10-11T20:34:01","date_gmt":"2022-10-11T20:34:01","guid":{"rendered":"http:\/\/cysamanuales.com\/?page_id=1352"},"modified":"2022-10-17T15:16:35","modified_gmt":"2022-10-17T15:16:35","slug":"regimen-simplificado","status":"publish","type":"page","link":"https:\/\/cysamanuales.com\/index.php\/regimen-simplificado\/","title":{"rendered":"R\u00e9gimen Simplificado"},"content":{"rendered":"\n<p><strong>\u2013 FAST FACTURACI\u00d3N \u2013 R\u00c9GIMEN SIMPLIFICADO DE CONFIANZA<\/strong><\/p>\n\n\n\n<p>En esta gu\u00eda podemos configurar si paso a r\u00e9gimen simplificado de confianza,&nbsp;que es una habilitaci\u00f3n administrativa para que el pago del impuesto sobre la renta (ISR) se realice de forma sencilla, r\u00e1pida y eficaz. <\/p>\n\n\n\n<p>1.- Primero se dirige al apartado de&nbsp;<strong>Empresa<\/strong>\/<strong>Datos fiscales<\/strong>.<\/p>\n\n\n\n<figure class=\"wp-block-image size-full is-resized\"><img loading=\"lazy\" src=\"https:\/\/cysamanuales.com\/wp-content\/uploads\/2022\/10\/Captura-de-pantalla-322.png\" alt=\"\" class=\"wp-image-1354\" width=\"350\" height=\"215\" srcset=\"https:\/\/cysamanuales.com\/wp-content\/uploads\/2022\/10\/Captura-de-pantalla-322.png 336w, https:\/\/cysamanuales.com\/wp-content\/uploads\/2022\/10\/Captura-de-pantalla-322-300x184.png 300w\" sizes=\"(max-width: 350px) 100vw, 350px\" \/><\/figure>\n\n\n\n<p>1.1.- posteriormente se configura el r\u00e9gimen fiscal a <strong>R\u00e9gimen simplificado de confianza<\/strong>.  <\/p>\n\n\n\n<figure class=\"wp-block-image size-large\"><img loading=\"lazy\" width=\"1024\" height=\"619\" src=\"https:\/\/cysamanuales.com\/wp-content\/uploads\/2022\/10\/revision_1-1024x619.png\" alt=\"\" class=\"wp-image-1473\" srcset=\"https:\/\/cysamanuales.com\/wp-content\/uploads\/2022\/10\/revision_1-1024x619.png 1024w, https:\/\/cysamanuales.com\/wp-content\/uploads\/2022\/10\/revision_1-300x181.png 300w, https:\/\/cysamanuales.com\/wp-content\/uploads\/2022\/10\/revision_1-768x464.png 768w, https:\/\/cysamanuales.com\/wp-content\/uploads\/2022\/10\/revision_1.png 1105w\" sizes=\"(max-width: 1024px) 100vw, 1024px\" \/><\/figure>\n\n\n\n<p>2.- Ahora creamos el <strong>impuesto<\/strong> por <strong>retenci\u00f3n de ISR<\/strong>. Nos dirigimos al apartado de<strong> Impuestos<\/strong>\/<strong>IVA y Retenciones<\/strong><\/p>\n\n\n\n<figure class=\"wp-block-image size-full is-resized\"><img loading=\"lazy\" src=\"https:\/\/cysamanuales.com\/wp-content\/uploads\/2022\/10\/Captura-de-pantalla-319.png\" alt=\"\" class=\"wp-image-1357\" width=\"394\" height=\"172\" srcset=\"https:\/\/cysamanuales.com\/wp-content\/uploads\/2022\/10\/Captura-de-pantalla-319.png 307w, https:\/\/cysamanuales.com\/wp-content\/uploads\/2022\/10\/Captura-de-pantalla-319-300x131.png 300w\" sizes=\"(max-width: 394px) 100vw, 394px\" \/><\/figure>\n\n\n\n<p>2.1.- En el apartado de&nbsp;<strong>Tipo<\/strong>&nbsp;<strong>de Impuesto<\/strong>&nbsp;selecciona una de las opciones(<strong>ISR<\/strong>), al igual que en el apartado&nbsp;<strong>Tipo de Factor&nbsp;<\/strong>(<strong>TASA<\/strong>),&nbsp;<strong>C\u00f3digo SAT<\/strong>(<strong>001<\/strong>), tener marcado (<strong>Retenci\u00f3n<\/strong>),&nbsp;<strong>descripci\u00f3n<\/strong>&nbsp;(<strong>ISR Retenci\u00f3n<\/strong>),&nbsp;<strong>Tasa\/cuota 1.25%<\/strong>.<\/p>\n\n\n\n<figure class=\"wp-block-image size-full\"><img loading=\"lazy\" width=\"868\" height=\"505\" src=\"https:\/\/cysamanuales.com\/wp-content\/uploads\/2022\/10\/Captura-de-pantalla-321.png\" alt=\"\" class=\"wp-image-1358\" srcset=\"https:\/\/cysamanuales.com\/wp-content\/uploads\/2022\/10\/Captura-de-pantalla-321.png 868w, https:\/\/cysamanuales.com\/wp-content\/uploads\/2022\/10\/Captura-de-pantalla-321-300x175.png 300w, https:\/\/cysamanuales.com\/wp-content\/uploads\/2022\/10\/Captura-de-pantalla-321-768x447.png 768w\" sizes=\"(max-width: 868px) 100vw, 868px\" \/><\/figure>\n\n\n\n<p>3.- Se guardan los datos al dar click al icono de&nbsp;<strong>Guardar<\/strong>&nbsp;y con esto pasa a la&nbsp;<strong>siguiente Gu\u00eda<\/strong>.<\/p>\n","protected":false},"excerpt":{"rendered":"<p>\u2013 FAST FACTURACI\u00d3N \u2013 R\u00c9GIMEN SIMPLIFICADO DE CONFIANZA En esta gu\u00eda podemos configurar si paso a r\u00e9gimen simplificado de confianza,&nbsp;que es una habilitaci\u00f3n administrativa para que el pago del impuesto sobre la renta (ISR) se realice de forma sencilla, r\u00e1pida y eficaz. 1.- Primero se dirige al apartado de&nbsp;Empresa\/Datos fiscales. [&hellip;]<\/p>\n","protected":false},"author":1,"featured_media":0,"parent":0,"menu_order":0,"comment_status":"closed","ping_status":"closed","template":"","meta":[],"_links":{"self":[{"href":"https:\/\/cysamanuales.com\/index.php\/wp-json\/wp\/v2\/pages\/1352"}],"collection":[{"href":"https:\/\/cysamanuales.com\/index.php\/wp-json\/wp\/v2\/pages"}],"about":[{"href":"https:\/\/cysamanuales.com\/index.php\/wp-json\/wp\/v2\/types\/page"}],"author":[{"embeddable":true,"href":"https:\/\/cysamanuales.com\/index.php\/wp-json\/wp\/v2\/users\/1"}],"replies":[{"embeddable":true,"href":"https:\/\/cysamanuales.com\/index.php\/wp-json\/wp\/v2\/comments?post=1352"}],"version-history":[{"count":6,"href":"https:\/\/cysamanuales.com\/index.php\/wp-json\/wp\/v2\/pages\/1352\/revisions"}],"predecessor-version":[{"id":1474,"href":"https:\/\/cysamanuales.com\/index.php\/wp-json\/wp\/v2\/pages\/1352\/revisions\/1474"}],"wp:attachment":[{"href":"https:\/\/cysamanuales.com\/index.php\/wp-json\/wp\/v2\/media?parent=1352"}],"curies":[{"name":"wp","href":"https:\/\/api.w.org\/{rel}","templated":true}]}}