{"id":2,"date":"2022-03-07T18:18:56","date_gmt":"2022-03-07T18:18:56","guid":{"rendered":"http:\/\/cysamanuales.com\/?page_id=2"},"modified":"2026-03-27T22:49:30","modified_gmt":"2026-03-27T22:49:30","slug":"pagina-ejemplo","status":"publish","type":"page","link":"https:\/\/cysamanuales.com\/","title":{"rendered":"\u00a1BIENVENIDO A LA BASE DE CONOCIMIENTO FAST!"},"content":{"rendered":"\n<div class=\"wp-container-4 wp-block-columns\">\n<div class=\"wp-container-3 wp-block-column\" style=\"flex-basis:100%\">\n<div class=\"wp-container-2 wp-block-group\"><div class=\"wp-block-group__inner-container\">\n<p class=\"has-text-color\" style=\"color:#8db73e;font-size:24px\">&#8211; <strong>Somos CYSA DIGITAL<\/strong><\/p>\n\n\n\n<p>Una empresa 100% Yucateca con m\u00e1s de 15 a\u00f1os de experiencia en desarrollo de soluciones empresariales con enfoque administrativo, as\u00ed como dise\u00f1o imagen empresarial y sitios web. Siempre brindando el soporte necesario a nuestros clientes. Contamos con diversos productos y sistemas que te brindar\u00e1n la facilidad que necesitas para tu empresa.<\/p>\n\n\n\n<figure class=\"wp-block-image\"><img alt=\"\"\/><\/figure>\n\n\n<div class=\"wp-block-image\">\n<figure class=\"alignright size-medium is-resized\"><img loading=\"lazy\" src=\"https:\/\/cysamanuales.com\/wp-content\/uploads\/2022\/06\/facturacion-copia12-300x300.png\" alt=\"\" class=\"wp-image-1145\" width=\"230\" height=\"230\" srcset=\"https:\/\/cysamanuales.com\/wp-content\/uploads\/2022\/06\/facturacion-copia12-300x300.png 300w, https:\/\/cysamanuales.com\/wp-content\/uploads\/2022\/06\/facturacion-copia12.png 1024w, https:\/\/cysamanuales.com\/wp-content\/uploads\/2022\/06\/facturacion-copia12-150x150.png 150w, https:\/\/cysamanuales.com\/wp-content\/uploads\/2022\/06\/facturacion-copia12-768x768.png 768w\" sizes=\"(max-width: 230px) 100vw, 230px\" \/><\/figure><\/div>\n\n\n<p class=\"has-text-color\" style=\"color:#8db73e;font-size:24px\">&#8211;<strong> SISTEMAS FAST<\/strong><\/p>\n\n\n\n<p>Nuestras plataformas abarca distintas \u00e1reas de la contabilidad, administraci\u00f3n y facturaci\u00f3n. Los sistemas Fasts son principalmente dise\u00f1adas para que ahorres tiempo. Crea y env\u00eda una facturas alojadas por Fast en cuesti\u00f3n de minutos. Administra tus cortes de caja, cotizaciones, productos o servicios sin perder tiempo. Contamos con las funciones avanzadas para automatizar la forma de cobro y conciliar los pagos.<\/p>\n\n\n\n<figure class=\"wp-block-image\"><img alt=\"\"\/><\/figure>\n\n\n\n<div class=\"wp-container-1 wp-block-group\"><div class=\"wp-block-group__inner-container\">\n<p class=\"has-text-color\" style=\"color:#8db73e;font-size:24px\"><strong>&#8211; MANUALES FAST<\/strong><\/p>\n\n\n\n<p>En esta base de conocimiento usted podr\u00e1 aprender sobre las funcionalidades de todos nuestros sistemas FAST. Con esta serie de gu\u00edas intuitivas y amigables usted mismo ser\u00e1 capaz de realizar configuraciones y procesos especiales estandarizados para un mejor uso de nuestros productos, adem\u00e1s de poder guiarse en un recordatorio estable a lo ya aprendido de Fast Admin, Fast Facturaci\u00f3n, Fast Gastos, Conta Fast, Conta Fast Descargas, Fast Restaurantes y Fast Cloud.<\/p>\n<\/div><\/div>\n\n\n\n<figure class=\"wp-block-image\"><img alt=\"\"\/><\/figure>\n\n\n\n<figure class=\"wp-block-image alignfull size-full\"><img loading=\"lazy\" width=\"2560\" height=\"581\" src=\"https:\/\/cysamanuales.com\/wp-content\/uploads\/2022\/06\/cfdi2_23-1-scaled.jpg\" alt=\"\" class=\"wp-image-1151\" srcset=\"https:\/\/cysamanuales.com\/wp-content\/uploads\/2022\/06\/cfdi2_23-1-scaled.jpg 2560w, https:\/\/cysamanuales.com\/wp-content\/uploads\/2022\/06\/cfdi2_23-1-300x68.jpg 300w, https:\/\/cysamanuales.com\/wp-content\/uploads\/2022\/06\/cfdi2_23-1-1024x232.jpg 1024w, https:\/\/cysamanuales.com\/wp-content\/uploads\/2022\/06\/cfdi2_23-1-768x174.jpg 768w, https:\/\/cysamanuales.com\/wp-content\/uploads\/2022\/06\/cfdi2_23-1-1536x349.jpg 1536w, https:\/\/cysamanuales.com\/wp-content\/uploads\/2022\/06\/cfdi2_23-1-2048x465.jpg 2048w\" sizes=\"(max-width: 2560px) 100vw, 2560px\" \/><\/figure>\n<\/div><\/div>\n<\/div>\n<\/div>\n","protected":false},"excerpt":{"rendered":"<p>&#8211; Somos CYSA DIGITAL Una empresa 100% Yucateca con m\u00e1s de 15 a\u00f1os de experiencia en desarrollo de soluciones empresariales con enfoque administrativo, as\u00ed como dise\u00f1o imagen empresarial y sitios web. Siempre brindando el soporte necesario a nuestros clientes. Contamos con diversos productos y sistemas que te brindar\u00e1n la facilidad [&hellip;]<\/p>\n","protected":false},"author":1,"featured_media":0,"parent":0,"menu_order":0,"comment_status":"closed","ping_status":"closed","template":"","meta":[],"_links":{"self":[{"href":"https:\/\/cysamanuales.com\/index.php\/wp-json\/wp\/v2\/pages\/2"}],"collection":[{"href":"https:\/\/cysamanuales.com\/index.php\/wp-json\/wp\/v2\/pages"}],"about":[{"href":"https:\/\/cysamanuales.com\/index.php\/wp-json\/wp\/v2\/types\/page"}],"author":[{"embeddable":true,"href":"https:\/\/cysamanuales.com\/index.php\/wp-json\/wp\/v2\/users\/1"}],"replies":[{"embeddable":true,"href":"https:\/\/cysamanuales.com\/index.php\/wp-json\/wp\/v2\/comments?post=2"}],"version-history":[{"count":103,"href":"https:\/\/cysamanuales.com\/index.php\/wp-json\/wp\/v2\/pages\/2\/revisions"}],"predecessor-version":[{"id":1772,"href":"https:\/\/cysamanuales.com\/index.php\/wp-json\/wp\/v2\/pages\/2\/revisions\/1772"}],"wp:attachment":[{"href":"https:\/\/cysamanuales.com\/index.php\/wp-json\/wp\/v2\/media?parent=2"}],"curies":[{"name":"wp","href":"https:\/\/api.w.org\/{rel}","templated":true}]}}