{"id":339,"date":"2022-03-25T20:52:11","date_gmt":"2022-03-25T20:52:11","guid":{"rendered":"http:\/\/cysamanuales.com\/?page_id=339"},"modified":"2022-10-20T17:02:15","modified_gmt":"2022-10-20T17:02:15","slug":"fast-facturacion","status":"publish","type":"page","link":"https:\/\/cysamanuales.com\/index.php\/fast-facturacion\/","title":{"rendered":"FAST FACTURACI\u00d3N"},"content":{"rendered":"\n<p class=\"has-text-color\" style=\"color:#8db73e;font-size:24px\"><strong>-FAST  FACTURACI\u00d3N &#8211; INTRODUCCI\u00d3N <\/strong><\/p>\n\n\n\n<div class=\"wp-container-1 wp-block-group\"><div class=\"wp-block-group__inner-container\">\n<p><strong>FAST FACTURACI\u00d3N<\/strong>&nbsp;es un sistema en el que puedes generar tus facturas&nbsp;sin necesidad de contratar los servicios de un proveedor de certificaci\u00f3n de factura. Est\u00e1 dirigido a contribuyentes con bajos vol\u00famenes de emisi\u00f3n de facturas; sin embargo, no est\u00e1 limitado s\u00f3lo a estos.<\/p>\n\n\n\n<h3 class=\"has-text-color\" style=\"color:#8db73e;font-size:24px\">Como objetivo<\/h3>\n\n\n\n<p>Facilitar el uso de factura electr\u00f3nica, pero de igual forma pone a tu disposici\u00f3n todas las herramientas disponibles para ti. Por ejemplo:<\/p>\n\n\n\n<ul><li><strong>Configura<\/strong>&nbsp;los datos del emisor<\/li><li><strong>Registra<\/strong>&nbsp;tus clientes frecuentes<\/li><li><strong>Genera<\/strong>&nbsp;la factura<\/li><li><strong>Sella&nbsp;<\/strong>la factura<\/li><li><strong>Guarda<\/strong>&nbsp;el archivo XML<\/li><li><strong>Descarga<\/strong>&nbsp;la representaci\u00f3n impresa<\/li><li><strong>Env\u00eda<\/strong>&nbsp;Facturas por correo<\/li><\/ul>\n\n\n\n<p>T\u00fa tienes el control sobre cada factura o cotizaci\u00f3n:&nbsp;<strong>seguimiento por estatus de las facturas<\/strong>. Crea f\u00e1cilmente complementos de pago vinculados a tus facturas anteriores.<\/p>\n\n\n\n<p>Los puntos con los que tiene que tener en cuenta para la funcionalidad de nuestro sistema:<\/p>\n\n\n\n<ul><li>Los timbres que manejamos son por paquetes y estos tienen un vencimiento anual<\/li><li>Ya contamos con la<strong>&nbsp;versi\u00f3n 4.0&nbsp;<\/strong>de nuestro sistema&nbsp;<strong>Fast Facturaci\u00f3n<\/strong>.<\/li><\/ul>\n<\/div><\/div>\n","protected":false},"excerpt":{"rendered":"<p>-FAST FACTURACI\u00d3N &#8211; INTRODUCCI\u00d3N FAST FACTURACI\u00d3N&nbsp;es un sistema en el que puedes generar tus facturas&nbsp;sin necesidad de contratar los servicios de un proveedor de certificaci\u00f3n de factura. Est\u00e1 dirigido a contribuyentes con bajos vol\u00famenes de emisi\u00f3n de facturas; sin embargo, no est\u00e1 limitado s\u00f3lo a estos. Como objetivo Facilitar el [&hellip;]<\/p>\n","protected":false},"author":1,"featured_media":0,"parent":0,"menu_order":0,"comment_status":"closed","ping_status":"closed","template":"page-templates\/template-fullwidth.php","meta":[],"_links":{"self":[{"href":"https:\/\/cysamanuales.com\/index.php\/wp-json\/wp\/v2\/pages\/339"}],"collection":[{"href":"https:\/\/cysamanuales.com\/index.php\/wp-json\/wp\/v2\/pages"}],"about":[{"href":"https:\/\/cysamanuales.com\/index.php\/wp-json\/wp\/v2\/types\/page"}],"author":[{"embeddable":true,"href":"https:\/\/cysamanuales.com\/index.php\/wp-json\/wp\/v2\/users\/1"}],"replies":[{"embeddable":true,"href":"https:\/\/cysamanuales.com\/index.php\/wp-json\/wp\/v2\/comments?post=339"}],"version-history":[{"count":19,"href":"https:\/\/cysamanuales.com\/index.php\/wp-json\/wp\/v2\/pages\/339\/revisions"}],"predecessor-version":[{"id":1614,"href":"https:\/\/cysamanuales.com\/index.php\/wp-json\/wp\/v2\/pages\/339\/revisions\/1614"}],"wp:attachment":[{"href":"https:\/\/cysamanuales.com\/index.php\/wp-json\/wp\/v2\/media?parent=339"}],"curies":[{"name":"wp","href":"https:\/\/api.w.org\/{rel}","templated":true}]}}