{"id":472,"date":"2022-03-28T23:55:40","date_gmt":"2022-03-28T23:55:40","guid":{"rendered":"http:\/\/cysamanuales.com\/?page_id=472"},"modified":"2022-06-15T14:56:53","modified_gmt":"2022-06-15T14:56:53","slug":"dar-de-alta-conceptos","status":"publish","type":"page","link":"https:\/\/cysamanuales.com\/index.php\/dar-de-alta-conceptos\/","title":{"rendered":"Dar de alta Conceptos"},"content":{"rendered":"\n<p style=\"font-size:24px\"><strong>&#8211; FAST FACTURACI\u00d3N &#8211; DAR DE ALTA CONCEPTOS<\/strong><\/p>\n\n\n\n<p>En esta Gu\u00eda podemos dar de alta a los conceptos necesarios para la elaboraci\u00f3n de proyectos ejecutivos necesarios a realizar.<\/p>\n\n\n\n<p>1.- Se dirige al apartado de <strong>Catalogo<\/strong>\/<strong>Conceptos<\/strong>, en el Apartado se encuentra el listado de catalogo de <strong>conceptos<\/strong>.<\/p>\n\n\n\n<figure class=\"wp-block-image size-full is-resized\"><img loading=\"lazy\" src=\"https:\/\/cysamanuales.com\/wp-content\/uploads\/2022\/04\/Captura-de-pantalla-85.png\" alt=\"\" class=\"wp-image-478\" width=\"654\" height=\"379\" srcset=\"https:\/\/cysamanuales.com\/wp-content\/uploads\/2022\/04\/Captura-de-pantalla-85.png 612w, https:\/\/cysamanuales.com\/wp-content\/uploads\/2022\/04\/Captura-de-pantalla-85-300x174.png 300w\" sizes=\"(max-width: 654px) 100vw, 654px\" \/><\/figure>\n\n\n\n<p>2.- Se debe dar click al <strong>icono de nuevo<\/strong> para agregar un concepto<\/p>\n\n\n\n<figure class=\"wp-block-image size-full is-resized\"><img loading=\"lazy\" src=\"https:\/\/cysamanuales.com\/wp-content\/uploads\/2022\/04\/Captura-de-pantalla-79.png\" alt=\"\" class=\"wp-image-479\" width=\"709\" height=\"381\" srcset=\"https:\/\/cysamanuales.com\/wp-content\/uploads\/2022\/04\/Captura-de-pantalla-79.png 638w, https:\/\/cysamanuales.com\/wp-content\/uploads\/2022\/04\/Captura-de-pantalla-79-300x161.png 300w\" sizes=\"(max-width: 709px) 100vw, 709px\" \/><\/figure>\n\n\n\n<p>2.1.- De lado derecho superior se encuentra el <strong>clasificador fiscal<\/strong>, adem\u00e1s de un <strong>icono<\/strong> para buscar el concepto el cual se debe dar click para mostrar los conceptos de clasificador de divisiones.<\/p>\n\n\n\n<figure class=\"wp-block-image size-large is-resized\"><img loading=\"lazy\" src=\"https:\/\/cysamanuales.com\/wp-content\/uploads\/2022\/04\/Captura-de-pantalla-71-1024x603.png\" alt=\"\" class=\"wp-image-481\" width=\"768\" height=\"452\" srcset=\"https:\/\/cysamanuales.com\/wp-content\/uploads\/2022\/04\/Captura-de-pantalla-71-1024x603.png 1024w, https:\/\/cysamanuales.com\/wp-content\/uploads\/2022\/04\/Captura-de-pantalla-71-300x177.png 300w, https:\/\/cysamanuales.com\/wp-content\/uploads\/2022\/04\/Captura-de-pantalla-71-768x452.png 768w, https:\/\/cysamanuales.com\/wp-content\/uploads\/2022\/04\/Captura-de-pantalla-71.png 1241w\" sizes=\"(max-width: 768px) 100vw, 768px\" \/><\/figure>\n\n\n\n<p>2.2.-  En <strong>Buscador de clasificador SAT<\/strong>, se debe escribir el nombre que identifique el clasificador del SAT, despu\u00e9s dar click en el icono de <strong>buscar<\/strong> y esperar a que el sistema arroje los datos de la b\u00fasqueda, seleccionar el clasificador que corresponde, dar click al icono de de <strong>Agregar seleccionados<\/strong>.<\/p>\n\n\n\n<figure class=\"wp-block-image size-large is-resized\"><img loading=\"lazy\" src=\"https:\/\/cysamanuales.com\/wp-content\/uploads\/2022\/04\/Captura-de-pantalla-83-1-1024x577.png\" alt=\"\" class=\"wp-image-482\" width=\"768\" height=\"433\" srcset=\"https:\/\/cysamanuales.com\/wp-content\/uploads\/2022\/04\/Captura-de-pantalla-83-1-1024x577.png 1024w, https:\/\/cysamanuales.com\/wp-content\/uploads\/2022\/04\/Captura-de-pantalla-83-1-300x169.png 300w, https:\/\/cysamanuales.com\/wp-content\/uploads\/2022\/04\/Captura-de-pantalla-83-1-768x433.png 768w, https:\/\/cysamanuales.com\/wp-content\/uploads\/2022\/04\/Captura-de-pantalla-83-1.png 1242w\" sizes=\"(max-width: 768px) 100vw, 768px\" \/><\/figure>\n\n\n\n<p>2.3.- Con los datos capturados de <strong>Clasificador Fiscal<\/strong>, se puede agregar un num. Identificador(<strong>opcional<\/strong>), y se agrega el <strong>precio<\/strong> en la primera casilla del num. 1. <\/p>\n\n\n\n<figure class=\"wp-block-image size-full is-resized\"><img loading=\"lazy\" src=\"https:\/\/cysamanuales.com\/wp-content\/uploads\/2022\/04\/Captura-de-pantalla-69.png\" alt=\"\" class=\"wp-image-483\" width=\"754\" height=\"503\" srcset=\"https:\/\/cysamanuales.com\/wp-content\/uploads\/2022\/04\/Captura-de-pantalla-69.png 977w, https:\/\/cysamanuales.com\/wp-content\/uploads\/2022\/04\/Captura-de-pantalla-69-300x200.png 300w, https:\/\/cysamanuales.com\/wp-content\/uploads\/2022\/04\/Captura-de-pantalla-69-768x513.png 768w\" sizes=\"(max-width: 754px) 100vw, 754px\" \/><\/figure>\n\n\n\n<p>3.- Se guardan los datos al dar click al icono de <strong>Guardar<\/strong> y con esto paso a la <strong>siguiente Gu\u00eda<\/strong>.<\/p>\n","protected":false},"excerpt":{"rendered":"<p>&#8211; FAST FACTURACI\u00d3N &#8211; DAR DE ALTA CONCEPTOS En esta Gu\u00eda podemos dar de alta a los conceptos necesarios para la elaboraci\u00f3n de proyectos ejecutivos necesarios a realizar. 1.- Se dirige al apartado de Catalogo\/Conceptos, en el Apartado se encuentra el listado de catalogo de conceptos. 2.- Se debe dar [&hellip;]<\/p>\n","protected":false},"author":1,"featured_media":0,"parent":0,"menu_order":0,"comment_status":"closed","ping_status":"closed","template":"","meta":[],"_links":{"self":[{"href":"https:\/\/cysamanuales.com\/index.php\/wp-json\/wp\/v2\/pages\/472"}],"collection":[{"href":"https:\/\/cysamanuales.com\/index.php\/wp-json\/wp\/v2\/pages"}],"about":[{"href":"https:\/\/cysamanuales.com\/index.php\/wp-json\/wp\/v2\/types\/page"}],"author":[{"embeddable":true,"href":"https:\/\/cysamanuales.com\/index.php\/wp-json\/wp\/v2\/users\/1"}],"replies":[{"embeddable":true,"href":"https:\/\/cysamanuales.com\/index.php\/wp-json\/wp\/v2\/comments?post=472"}],"version-history":[{"count":7,"href":"https:\/\/cysamanuales.com\/index.php\/wp-json\/wp\/v2\/pages\/472\/revisions"}],"predecessor-version":[{"id":1042,"href":"https:\/\/cysamanuales.com\/index.php\/wp-json\/wp\/v2\/pages\/472\/revisions\/1042"}],"wp:attachment":[{"href":"https:\/\/cysamanuales.com\/index.php\/wp-json\/wp\/v2\/media?parent=472"}],"curies":[{"name":"wp","href":"https:\/\/api.w.org\/{rel}","templated":true}]}}