{"id":524,"date":"2022-06-03T23:25:59","date_gmt":"2022-06-03T23:25:59","guid":{"rendered":"http:\/\/cysamanuales.com\/?page_id=524"},"modified":"2022-06-16T15:45:47","modified_gmt":"2022-06-16T15:45:47","slug":"catalogo-clientes","status":"publish","type":"page","link":"https:\/\/cysamanuales.com\/index.php\/catalogo-clientes\/","title":{"rendered":"Cat\u00e1logo Clientes"},"content":{"rendered":"\n<p style=\"font-size:24px\">&#8211;<strong> FAST-FACTURACI\u00d3N VERSI\u00d3N 4.0<\/strong> &#8211; <strong>Cat\u00e1logo de clientes<\/strong><\/p>\n\n\n\n<div class=\"wp-container-1 wp-block-group\"><div class=\"wp-block-group__inner-container\">\n<p>En esta gu\u00eda le explicar\u00e1 los cambios a los datos de los clientes correspondientes a la versi\u00f3n 4.0. Es importante tener los siguientes puntos antes de poder hacer los siguientes paso.<\/p>\n\n\n\n<ul><li>Contar con la<strong> versi\u00f3n 4.0 <\/strong>de nuestro sistema <strong>Fast Facturaci\u00f3n<\/strong>.<\/li><li>Contar con la <strong>Constancia de Situaci\u00f3n Fiscal<\/strong>, es importante contar con las constancias de situaci\u00f3n fiscal para dar de alta a los clientes. Puede consultar la constancia en el siguiente link:  <a href=\"https:\/\/satid.sat.gob.mx\/\">https:\/\/satid.sat.gob.mx\/<\/a><\/li><\/ul>\n<\/div><\/div>\n\n\n\n<p>1.- Nos dirigimos al apartado de&nbsp;<strong>Cat\u00e1logo\/Clientes<\/strong>, en el apartado aparece la siguiente vista.<\/p>\n\n\n\n<figure class=\"wp-block-image size-full is-resized\"><img loading=\"lazy\" src=\"https:\/\/cysamanuales.com\/wp-content\/uploads\/2022\/06\/Captura-de-pantalla-131.png\" alt=\"\" class=\"wp-image-539\" width=\"671\" height=\"500\" srcset=\"https:\/\/cysamanuales.com\/wp-content\/uploads\/2022\/06\/Captura-de-pantalla-131.png 572w, https:\/\/cysamanuales.com\/wp-content\/uploads\/2022\/06\/Captura-de-pantalla-131-300x223.png 300w\" sizes=\"(max-width: 671px) 100vw, 671px\" \/><\/figure>\n\n\n\n<p>2.- Podremos visualizar los <strong>siguientes cambios<\/strong>, en apartado para <strong>agregar a los clientes<\/strong>, dar click a <strong>Nuevo<\/strong> o Modificamos uno ya creado (<strong>dar doble click al nombre<\/strong>), visualizamos que <strong>nombre<\/strong> que tiene que ser igual a la <strong>constancia de situaci\u00f3n fiscal<\/strong>, al igual que el <strong>r\u00e9gimen fiscal del receptor<\/strong>, y el <strong>c\u00f3digo postal<\/strong>. Es importante para que la factura se pueda validar en el <strong>SAT<\/strong>.<\/p>\n\n\n\n<figure class=\"wp-block-image size-full\"><img loading=\"lazy\" width=\"882\" height=\"625\" src=\"https:\/\/cysamanuales.com\/wp-content\/uploads\/2022\/06\/WhatsApp-Image-2022-06-03-at-4.52.36-PM-1.jpeg\" alt=\"\" class=\"wp-image-556\" srcset=\"https:\/\/cysamanuales.com\/wp-content\/uploads\/2022\/06\/WhatsApp-Image-2022-06-03-at-4.52.36-PM-1.jpeg 882w, https:\/\/cysamanuales.com\/wp-content\/uploads\/2022\/06\/WhatsApp-Image-2022-06-03-at-4.52.36-PM-1-300x213.jpeg 300w, https:\/\/cysamanuales.com\/wp-content\/uploads\/2022\/06\/WhatsApp-Image-2022-06-03-at-4.52.36-PM-1-768x544.jpeg 768w\" sizes=\"(max-width: 882px) 100vw, 882px\" \/><\/figure>\n\n\n\n<p>2.1.- Este es un ejemplo de la<strong> Constancia de Situaci\u00f3n Fiscal<\/strong><\/p>\n\n\n\n<figure class=\"wp-block-image size-full is-resized\"><img loading=\"lazy\" src=\"https:\/\/cysamanuales.com\/wp-content\/uploads\/2022\/06\/Captura-de-pantalla-128.png\" alt=\"\" class=\"wp-image-541\" width=\"728\" height=\"613\" srcset=\"https:\/\/cysamanuales.com\/wp-content\/uploads\/2022\/06\/Captura-de-pantalla-128.png 971w, https:\/\/cysamanuales.com\/wp-content\/uploads\/2022\/06\/Captura-de-pantalla-128-300x252.png 300w, https:\/\/cysamanuales.com\/wp-content\/uploads\/2022\/06\/Captura-de-pantalla-128-768x646.png 768w\" sizes=\"(max-width: 728px) 100vw, 728px\" \/><\/figure>\n\n\n\n<figure class=\"wp-block-image size-full is-resized\"><img loading=\"lazy\" src=\"https:\/\/cysamanuales.com\/wp-content\/uploads\/2022\/06\/Captura-de-pantalla-130-1.png\" alt=\"\" class=\"wp-image-543\" width=\"740\" height=\"175\" srcset=\"https:\/\/cysamanuales.com\/wp-content\/uploads\/2022\/06\/Captura-de-pantalla-130-1.png 932w, https:\/\/cysamanuales.com\/wp-content\/uploads\/2022\/06\/Captura-de-pantalla-130-1-300x71.png 300w, https:\/\/cysamanuales.com\/wp-content\/uploads\/2022\/06\/Captura-de-pantalla-130-1-768x181.png 768w\" sizes=\"(max-width: 740px) 100vw, 740px\" \/><\/figure>\n\n\n\n<p>3.- En este punto solo<strong> aplica<\/strong> si usted hace ventas a<strong> p\u00fablico en General<\/strong>, en cuyo caso debemos verificar lo siguiente.<\/p>\n\n\n\n<p>3.1.- En el apartado de clientes, selecciona y haga doble click a <strong>PUBLICO EN GENERAL<\/strong>, aseg\u00farese de que el nombre lleve acento, como siguiente: <strong>P\u00daBLICO EN GENERAL<\/strong>.<\/p>\n\n\n\n<p>3.2.- En el campo uso del <strong>CFDI <\/strong>debe de seleccionar <strong>S01 &#8211; Sin efecto fiscal<\/strong>.<\/p>\n\n\n\n<p>3.3.- El <strong>R\u00e9gimen Fiscal Receptor,<\/strong> debe ser <strong>Sin Obligaciones Fiscales.<\/strong><\/p>\n\n\n\n<p>3.4.- En el campo de <strong>c\u00f3digo postal<\/strong> debe llevar el mismo dato que el de <strong>emisor<\/strong>, es decir se debe capturar el mismo<strong> codigo postal<\/strong> de la <strong>empresa.<\/strong><\/p>\n\n\n\n<figure class=\"wp-block-image size-large\"><img loading=\"lazy\" width=\"1024\" height=\"640\" src=\"https:\/\/cysamanuales.com\/wp-content\/uploads\/2022\/06\/Captura-de-pantalla-209-1024x640.png\" alt=\"\" class=\"wp-image-952\" srcset=\"https:\/\/cysamanuales.com\/wp-content\/uploads\/2022\/06\/Captura-de-pantalla-209-1024x640.png 1024w, https:\/\/cysamanuales.com\/wp-content\/uploads\/2022\/06\/Captura-de-pantalla-209-300x187.png 300w, https:\/\/cysamanuales.com\/wp-content\/uploads\/2022\/06\/Captura-de-pantalla-209-768x480.png 768w, https:\/\/cysamanuales.com\/wp-content\/uploads\/2022\/06\/Captura-de-pantalla-209.png 1237w\" sizes=\"(max-width: 1024px) 100vw, 1024px\" \/><\/figure>\n\n\n\n<p>4.- Para los clientes que son <strong>personas morales<\/strong>, deben ver que la empresa, ya no tomaran en cuenta el<strong> tipo de sociedad mercantil<\/strong>. Por ejemplo:<\/p>\n\n\n\n<figure class=\"wp-block-image size-large is-resized\"><img loading=\"lazy\" src=\"https:\/\/cysamanuales.com\/wp-content\/uploads\/2022\/06\/COMPARACIONES-1024x423.jpg\" alt=\"\" class=\"wp-image-547\" width=\"781\" height=\"322\" srcset=\"https:\/\/cysamanuales.com\/wp-content\/uploads\/2022\/06\/COMPARACIONES-1024x423.jpg 1024w, https:\/\/cysamanuales.com\/wp-content\/uploads\/2022\/06\/COMPARACIONES-300x124.jpg 300w, https:\/\/cysamanuales.com\/wp-content\/uploads\/2022\/06\/COMPARACIONES-768x317.jpg 768w, https:\/\/cysamanuales.com\/wp-content\/uploads\/2022\/06\/COMPARACIONES-1536x634.jpg 1536w, https:\/\/cysamanuales.com\/wp-content\/uploads\/2022\/06\/COMPARACIONES.jpg 1920w\" sizes=\"(max-width: 781px) 100vw, 781px\" \/><\/figure>\n\n\n\n<p>5.- El <strong>procedimiento<\/strong> para registrar a los <strong>clientes<\/strong> es el mismo, <strong>los detalles<\/strong> que cambiaron para la Versi\u00f3n 4.0 son los vistos con anterioridad, ahora que ya esta m\u00e1s<strong> informado<\/strong> ya puede pasar a la siguiente <strong>gu\u00eda<\/strong> para seguir <strong>facturando.<\/strong><\/p>\n","protected":false},"excerpt":{"rendered":"<p>&#8211; FAST-FACTURACI\u00d3N VERSI\u00d3N 4.0 &#8211; Cat\u00e1logo de clientes En esta gu\u00eda le explicar\u00e1 los cambios a los datos de los clientes correspondientes a la versi\u00f3n 4.0. Es importante tener los siguientes puntos antes de poder hacer los siguientes paso. Contar con la versi\u00f3n 4.0 de nuestro sistema Fast Facturaci\u00f3n. Contar [&hellip;]<\/p>\n","protected":false},"author":1,"featured_media":0,"parent":0,"menu_order":0,"comment_status":"closed","ping_status":"closed","template":"","meta":[],"_links":{"self":[{"href":"https:\/\/cysamanuales.com\/index.php\/wp-json\/wp\/v2\/pages\/524"}],"collection":[{"href":"https:\/\/cysamanuales.com\/index.php\/wp-json\/wp\/v2\/pages"}],"about":[{"href":"https:\/\/cysamanuales.com\/index.php\/wp-json\/wp\/v2\/types\/page"}],"author":[{"embeddable":true,"href":"https:\/\/cysamanuales.com\/index.php\/wp-json\/wp\/v2\/users\/1"}],"replies":[{"embeddable":true,"href":"https:\/\/cysamanuales.com\/index.php\/wp-json\/wp\/v2\/comments?post=524"}],"version-history":[{"count":18,"href":"https:\/\/cysamanuales.com\/index.php\/wp-json\/wp\/v2\/pages\/524\/revisions"}],"predecessor-version":[{"id":1167,"href":"https:\/\/cysamanuales.com\/index.php\/wp-json\/wp\/v2\/pages\/524\/revisions\/1167"}],"wp:attachment":[{"href":"https:\/\/cysamanuales.com\/index.php\/wp-json\/wp\/v2\/media?parent=524"}],"curies":[{"name":"wp","href":"https:\/\/api.w.org\/{rel}","templated":true}]}}